e factors of 13226903.
13226903
List the prime factors of 1313452.
2, 7, 61, 769
What are the prime factors of 4451503?
7, 90847
List the prime factors of 495982.
2, 247991
List the prime factors of 49187.
101, 487
What are the prime factors of 1199581?
47, 25523
What are the prime factors of 889388?
2, 222347
List the prime factors of 3585821.
29, 53, 2333
What are the prime factors of 55318?
2, 17, 1627
What are the prime factors of 205720?
2, 5, 37, 139
What are the prime factors of 5406421?
5406421
List the prime factors of 3563779.
3563779
List the prime factors of 8597831.
11, 113, 6917
What are the prime factors of 11467636?
2, 71, 149, 271
What are the prime factors of 227562?
2, 3, 17, 23, 97
What are the prime factors of 2410?
2, 5, 241
What are the prime factors of 1975274?
2, 7, 199, 709
List the prime factors of 4324040.
2, 5, 7, 15443
List the prime factors of 431066.
2, 23, 9371
What are the prime factors of 6670285?
5, 1334057
What are the prime factors of 231347?
231347
What are the prime factors of 5229758?
2, 271, 9649
List the prime factors of 3044305.
5, 11, 55351
What are the prime factors of 296088?
2, 3, 13, 73
List the prime factors of 3960575.
5, 17, 9319
List the prime factors of 4398498.
2, 3, 13, 18797
What are the prime factors of 82978?
2, 7, 5927
What are the prime factors of 48005?
5, 9601
What are the prime factors of 75149?
75149
List the prime factors of 2570230.
2, 5, 13, 17, 1163
List the prime factors of 5397599.
5397599
List the prime factors of 18541404.
2, 3, 7, 23, 457
What are the prime factors of 33536?
2, 131
What are the prime factors of 2438711?
11, 73, 3037
List the prime factors of 6050054.
2, 3025027
What are the prime factors of 124261?
313, 397
List the prime factors of 9104202.
2, 3, 29, 107, 163
What are the prime factors of 1850440?
2, 5, 46261
What are the prime factors of 31721?
31721
List the prime factors of 462130.
2, 5, 37, 1249
List the prime factors of 108076.
2, 41, 659
What are the prime factors of 3816394?
2, 1908197
List the prime factors of 32525724.
2, 3, 7, 11, 35201
List the prime factors of 2545615.
5, 509123
List the prime factors of 190539.
3, 7057
List the prime factors of 6382834.
2, 43, 74219
What are the prime factors of 326805?
3, 5, 21787
List the prime factors of 23467784.
2, 1231, 2383
List the prime factors of 305478.
2, 3, 5657
List the prime factors of 1558232.
2, 13, 14983
What are the prime factors of 16073736?
2, 3, 7, 241, 397
What are the prime factors of 3640398?
2, 3, 606733
What are the prime factors of 16694832?
2, 3, 7, 11, 4517
List the prime factors of 5662954.
2, 11, 257407
What are the prime factors of 2882070?
2, 3, 5, 31, 1033
List the prime factors of 39033836.
2, 17, 31, 18517
What are the prime factors of 1997814?
2, 3, 7, 13, 3659
List the prime factors of 1796965.
5, 53, 6781
List the prime factors of 8605489.
29, 296741
What are the prime factors of 365019?
3, 281, 433
List the prime factors of 38312133.
3, 12770711
List the prime factors of 120522.
2, 3, 53, 379
What are the prime factors of 1160657?
173, 6709
What are the prime factors of 612766?
2, 7, 11, 23, 173
List the prime factors of 4230250.
2, 5, 16921
List the prime factors of 362320.
2, 5, 7, 647
What are the prime factors of 895948?
2, 43, 5209
What are the prime factors of 66471?
3, 22157
What are the prime factors of 281357?
281357
List the prime factors of 570800.
2, 5, 1427
List the prime factors of 2998281.
3, 11, 13, 29, 241
List the prime factors of 12335096.
2, 41, 37607
List the prime factors of 2981434.
2, 1490717
List the prime factors of 222808.
2, 27851
List the prime factors of 3684142.
2, 7, 11, 47, 509
What are the prime factors of 3214363?
19, 169177
What are the prime factors of 1792437?
3, 439, 1361
List the prime factors of 75788.
2, 18947
List the prime factors of 14414990.
2, 5, 1013, 1423
What are the prime factors of 768196?
2, 11, 13, 17, 79
List the prime factors of 5094097.
127, 40111
List the prime factors of 196383.
3, 11, 541
What are the prime factors of 9117?
3, 1013
List the prime factors of 483990.
2, 3, 5, 13, 17, 73
List the prime factors of 16137034.
2, 1907, 4231
List the prime factors of 9533788.
2, 11, 43, 5039
What are the prime factors of 882627?
3, 239, 1231
List the prime factors of 4057360.
2, 5, 41, 1237
What are the prime factors of 165835?
5, 17, 1951
What are the prime factors of 158756?
2, 13, 43, 71
What are the prime factors of 244505?
5, 79, 619
What are the prime factors of 186460?
2, 5, 9323
What are the prime factors of 7908705?
3, 5, 7, 8369
List the prime factors of 16669405.
5, 659, 5059
What are the prime factors of 5782179?
3, 13, 173, 857
List the prime factors of 17303645.
5, 191, 18119
List the prime factors of 795052.
2, 47, 4229
What are the prime factors of 616190?
2, 5, 43, 1433
List the prime factors of 974330.
2, 5, 7, 31, 449
List the prime factors of 267564.
2, 3, 11, 2027
List the prime factors of 893486.
2, 11, 17, 2389
What are the prime factors of 1734453?
3, 7, 19, 23
What are the prime factors of 5100976?
2, 318811
What are the prime factors of 3870623?
19, 101, 2017
What are the prime factors of 19901?
7, 2843
List the prime factors of 1390618.
2, 695309
What are the prime factors of 563662?
2, 11, 25621
What are the prime factors of 2864292?
2, 3, 238691
What are the prime factors of 136196?
2, 79, 431
List the prime factors of 224690.
2, 5, 22469
List the prime factors of 1068860.
2, 5, 13, 4111
What are the prime factors of 178923?
3, 19, 43, 73
What are the prime factors of 538810?
2, 5, 53881
List the prime factors of 104122.
2, 79, 659
List the prime factors of 726597.
3, 17, 1583
List the prime factors of 87550.
2, 5, 17, 103
List the prime factors of 2129278.
2, 761, 1399
List the prime factors of 938713.
938713
What are the prime factors of 16439985?
3, 5, 365333
What are the prime factors of 157282?
2, 19, 4139
List the prime factors of 29837653.
29837653
What are the prime factors of 1572432?
2, 3, 17, 41, 47
What are the prime factors of 420507?
3, 46723
List the prime factors of 18885.
3, 5, 1259
What are the prime factors of 321496?
2, 7, 5741
What are the prime factors of 40808?
2, 5101
What are the prime factors of 710465?
5, 7, 53, 383
List the prime factors of 169473.
3, 17, 3323
What are the prime factors of 1836806?
2, 19, 48337
List the prime factors of 652078.
2, 7, 47, 991
List the prime factors of 1137760.
2, 5, 13, 547
List the prime factors of 621138.
2, 3, 7, 23, 643
List the prime factors of 89806.
2, 83, 541
List the prime factors of 16409015.
5, 7, 43, 10903
What are the prime factors of 6506710?
2, 5, 7, 271
What are the prime factors of 2291364?
2, 3, 63649
List the prime factors of 5841755.
5, 1168351
List the prime factors of 208678.
2, 103, 1013
What are the prime factors of 423761?
13, 37, 881
What are the prime factors of 37336305?
3, 5, 83, 29989
What are the prime factors of 10543298?
2, 17, 29, 37
List the prime factors of 16783345.
5, 263, 12763
What are the prime factors of 202118?
2, 7, 14437
What are the prime factors of 4730968?
2, 11, 37, 1453
What are the prime factors of 2936100?
2, 3, 5, 9787
What are the prime factors of 3734184?
2, 3, 19, 431
List the prime factors of 1668555.
3, 5, 7, 5297
What are the prime factors of 275477?
83, 3319
List the prime factors of 684958.
2, 199, 1721
What are the prime factors of 3019567?
29, 104123
What are the prime factors of 273923?
13, 19, 1109
What are the prime factors of 1224825?
3, 5, 7, 2333
What are the prime factors of 8916409?
853, 10453
What are the prime factors of 732719?
13, 157, 359
What are the prime factors of 1109022?
2, 3, 184837
List the prime factors of 2452347.
3, 521, 523
What are the prime factors of 156445?
5, 67, 467
List the prime factors of 3070786.
2, 1535393
What are the prime factors of 3400508?
2, 271, 3137
List the prime factors of 22285622.
2, 71, 156941
List the prime factors of 7030882.
2, 3515441
What are the prime factors of 12019111?
13, 71119
List the prime factors of 1599743.
19, 269, 313
List the prime factors of 1409256.
2, 3, 23, 37
What are the prime factors of 2813682?
2, 3, 23, 20389
List the prime factors of 189727.
23, 73, 113
What are the prime factors of 25